{"id":1144,"date":"2020-10-04T19:35:28","date_gmt":"2020-10-04T19:35:28","guid":{"rendered":"https:\/\/movimientobiodanza.com\/wordpress\/?page_id=1144"},"modified":"2022-10-07T18:59:54","modified_gmt":"2022-10-07T18:59:54","slug":"reflexionando-con-rolando","status":"publish","type":"page","link":"https:\/\/movimientobiodanza.com\/wordpress\/reflexionando-con-rolando\/","title":{"rendered":"Reflexionando con Rolando <!-- Biodanza -->"},"content":{"rendered":"<p>[et_pb_section fb_built=&#8221;1&#8243; _builder_version=&#8221;4.6.0&#8243; _module_preset=&#8221;default&#8221; background_color=&#8221;#353535&#8243; background_image=&#8221;https:\/\/movimientobiodanza.com\/wordpress\/wp-content\/uploads\/2020\/09\/Fondo-web.png&#8221; background_size=&#8221;contain&#8221; background_position=&#8221;top_center&#8221; global_colors_info=&#8221;{}&#8221;][et_pb_row _builder_version=&#8221;4.6.0&#8243; _module_preset=&#8221;default&#8221; width=&#8221;100%&#8221; global_colors_info=&#8221;{}&#8221;][et_pb_column type=&#8221;4_4&#8243; _builder_version=&#8221;4.6.0&#8243; _module_preset=&#8221;default&#8221; global_colors_info=&#8221;{}&#8221;][et_pb_image src=&#8221;https:\/\/movimientobiodanza.com\/wordpress\/wp-content\/uploads\/2020\/09\/Logo_Biodanza_redondo.png&#8221; title_text=&#8221;Logo_Biodanza_redondo&#8221; align=&#8221;center&#8221; _builder_version=&#8221;4.6.0&#8243; _module_preset=&#8221;default&#8221; global_colors_info=&#8221;{}&#8221;][\/et_pb_image][et_pb_menu menu_id=&#8221;12&#8243; menu_style=&#8221;centered&#8221; dropdown_menu_bg_color=&#8221;#ffffff&#8221; _builder_version=&#8221;4.12.1&#8243; _module_preset=&#8221;default&#8221; background_color=&#8221;rgba(0,0,0,0)&#8221; global_colors_info=&#8221;{}&#8221;][\/et_pb_menu][et_pb_social_media_follow _builder_version=&#8221;4.12.1&#8243; _module_preset=&#8221;default&#8221; text_orientation=&#8221;center&#8221; hover_enabled=&#8221;0&#8243; global_colors_info=&#8221;{}&#8221; sticky_enabled=&#8221;0&#8243;][et_pb_social_media_follow_network social_network=&#8221;instagram&#8221; url=&#8221;https:\/\/www.instagram.com\/biodanzamariagraciaysandra\/&#8221; _builder_version=&#8221;4.12.1&#8243; _module_preset=&#8221;default&#8221; background_color=&#8221;#ea2c59&#8243; hover_enabled=&#8221;0&#8243; global_colors_info=&#8221;{}&#8221; follow_button=&#8221;off&#8221; url_new_window=&#8221;on&#8221; sticky_enabled=&#8221;0&#8243;]instagram[\/et_pb_social_media_follow_network][et_pb_social_media_follow_network social_network=&#8221;facebook&#8221; url=&#8221;https:\/\/www.facebook.com\/mariagraciabiodanzamexico\/&#8221; _builder_version=&#8221;4.6.0&#8243; _module_preset=&#8221;default&#8221; background_color=&#8221;#3b5998&#8243; global_colors_info=&#8221;{}&#8221; follow_button=&#8221;off&#8221; url_new_window=&#8221;on&#8221;]facebook[\/et_pb_social_media_follow_network][\/et_pb_social_media_follow][\/et_pb_column][\/et_pb_row][et_pb_row _builder_version=&#8221;4.6.0&#8243; _module_preset=&#8221;default&#8221; background_color=&#8221;#ffffff&#8221; width=&#8221;100%&#8221; custom_padding=&#8221;2px|20px||20px|false|false&#8221; global_colors_info=&#8221;{}&#8221;][et_pb_column type=&#8221;4_4&#8243; _builder_version=&#8221;4.6.0&#8243; _module_preset=&#8221;default&#8221; global_colors_info=&#8221;{}&#8221;][et_pb_text content_last_edited=&#8221;off|desktop&#8221; _builder_version=&#8221;4.12.1&#8243; _module_preset=&#8221;default&#8221; text_font=&#8221;Lobster Two||||||||&#8221; text_text_color=&#8221;#3A5795&#8243; text_font_size=&#8221;22px&#8221; header_font=&#8221;Lato||||||||&#8221; header_font_size=&#8221;20px&#8221; header_2_font=&#8221;Lato||||||||&#8221; header_2_text_color=&#8221;#02bccb&#8221; background_color=&#8221;#ffffff&#8221; text_orientation=&#8221;justified&#8221; custom_padding=&#8221;40px|40px|40px|40px|false|false&#8221; global_colors_info=&#8221;{}&#8221;]<\/p>\n<h2 class=\"uk-article-title\" style=\"text-align: center;\"><strong><span style=\"color: #3a5795; font-size: 26px;\">REFLEXIONANDO CON ROLANDO<\/span><\/strong><\/h2>\n<p style=\"text-align: center;\"><a href=\"http:\/\/www.cape.biodanza.org\/\" target=\"_blank\" rel=\"noopener noreferrer\"><\/a><\/p>\n<p style=\"text-align: center;\"><img loading=\"lazy\" src=\"https:\/\/movimientobiodanza.com\/wordpress\/wp-content\/uploads\/2020\/10\/reflexionando.png\" width=\"250\" height=\"287\" alt=\"\" class=\"wp-image-1148 alignnone size-full\" \/><\/p>\n<h2 style=\"text-align: left; color: #3a5795;\"><span style=\"color: #3a5795;\">&#8220;POR UNA CONCIENCIA MUNDIAL SOBRE LA PAZ&#8221;<\/span><\/h2>\n<p>La evoluci\u00f3n del hombre tiene una vertiente biol\u00f3gica de creaci\u00f3n de vida y una vertiente cultural de creaci\u00f3n tecnol\u00f3gica. Estas dos formas se fueron separando a trav\u00e9s de los siglos. La situaci\u00f3n actual de nuestra civilizaci\u00f3n nos conduce a una cultura de muerte. Nuestro tiempo se caracteriza por el signo de Ca\u00edn: el asesinato, la guerra, la destructividad, la depresi\u00f3n y el sufrimiento de millones de seres humanos. La omnipotencia del poder y del dinero es tan fuerte que para muchos ya parece una condici\u00f3n propia de la naturaleza del hombre.<\/p>\n<p>&nbsp;<\/p>\n<h2 style=\"text-align: left; color: #3a5795;\"><span style=\"color: #3a5795;\">PERDIMOS EL PARA\u00cdSO EN LA TIERRA; EL ACCESO AL AMOR Y A LA ALEGR\u00cdA DE VIVIR.<\/span><\/h2>\n<p>El deterioro progresivo de la afectividad y de la conciencia \u00e9tica representa una tragedia antropol\u00f3gica, que pone en peligro la supervivencia de la especie. La inteligencia abstracta se disoci\u00f3 de la afectividad. En la atm\u00f3sfera cotidiana no s\u00f3lo respiramos el aire contaminado, sino tambi\u00e9n la soledad, el miedo y la violencia. Perdimos la sacralidad de la vida, por primera vez en la historia estamos concientes de que vivimos en una civilizaci\u00f3n enferma. Frente a este estado de cosas, la comunidad de Biodanza constituye la conciencia viva de nuestro tiempo.<\/p>\n<p>&nbsp;<\/p>\n<h2 style=\"text-align: left; color: #3a5795;\"><span style=\"color: #3a5795;\">TENEMOS LA MISI\u00d3N DE DEVOLVER AL MUNDO SU DERECHO AL PARA\u00cdSO.<\/span><\/h2>\n<p>Esta misi\u00f3n parece una quimera, sin embargo se realiza d\u00eda a d\u00eda, en el proceso de transmutaci\u00f3n afectiva, en el imperio del coraz\u00f3n misericordioso. Estamos haciendo un llamado a todos los hombres y mujeres de la Tierra para unirnos y realizar juntos la danza de la vida, abriendo espacios de felicidad. Los esperamos a todos llenos de amor y esperanza.<\/p>\n<p>&nbsp;<\/p>\n<h2 style=\"text-align: right; color: #3a5795;\"><span style=\"color: #3a5795;\">ROLANDO TORO ARANEDA<\/span><\/h2>\n<p>&nbsp;[\/et_pb_text][\/et_pb_column][\/et_pb_row][\/et_pb_section][et_pb_section fb_built=&#8221;1&#8243; _builder_version=&#8221;4.6.0&#8243; _module_preset=&#8221;default&#8221; background_color=&#8221;#626a72&#8243; global_colors_info=&#8221;{}&#8221;][et_pb_row _builder_version=&#8221;4.6.0&#8243; _module_preset=&#8221;default&#8221; global_colors_info=&#8221;{}&#8221;][et_pb_column type=&#8221;4_4&#8243; _builder_version=&#8221;4.6.0&#8243; _module_preset=&#8221;default&#8221; global_colors_info=&#8221;{}&#8221;][et_pb_button button_url=&#8221;@ET-DC@eyJkeW5hbWljIjp0cnVlLCJjb250ZW50IjoicG9zdF9saW5rX3VybF9wYWdlIiwic2V0dGluZ3MiOnsicG9zdF9pZCI6IjE0MDIifX0=@&#8221; url_new_window=&#8221;on&#8221; button_text=&#8221;Haz click aqu\u00ed para musicalizar tu visita.&#8221; button_alignment=&#8221;center&#8221; _builder_version=&#8221;4.6.0&#8243; _dynamic_attributes=&#8221;button_url&#8221; _module_preset=&#8221;default&#8221; custom_button=&#8221;on&#8221; button_text_color=&#8221;#ffffff&#8221; button_bg_color=&#8221;#3A5795&#8243; button_border_width=&#8221;0px&#8221; button_border_radius=&#8221;21px&#8221; button_font=&#8221;Lato||||||||&#8221; button_icon=&#8221;%%40%%&#8221; button_on_hover=&#8221;off&#8221; custom_margin=&#8221;||||false|false&#8221; custom_padding=&#8221;|50px|||false|false&#8221; animation_style=&#8221;zoom&#8221; global_colors_info=&#8221;{}&#8221;][\/et_pb_button][et_pb_text _builder_version=&#8221;4.12.1&#8243; _module_preset=&#8221;default&#8221; text_text_color=&#8221;#ffffff&#8221; global_colors_info=&#8221;{}&#8221;]<\/p>\n<p style=\"text-align: center;\">Movimiento Biodanza &#8211; Copyright \u00a9 2022 Asesores Ing. Jorge Silva Alvarez<\/p>\n<p>[\/et_pb_text][\/et_pb_column][\/et_pb_row][\/et_pb_section]<\/p>\n","protected":false},"excerpt":{"rendered":"<p>instagramfacebookREFLEXIONANDO CON ROLANDO &#8220;POR UNA CONCIENCIA MUNDIAL SOBRE LA PAZ&#8221; La evoluci\u00f3n del hombre tiene una vertiente biol\u00f3gica de creaci\u00f3n de vida y una vertiente cultural de creaci\u00f3n tecnol\u00f3gica. Estas dos formas se fueron separando a trav\u00e9s de los siglos. La situaci\u00f3n actual de nuestra civilizaci\u00f3n nos conduce a una cultura de muerte. Nuestro tiempo [&hellip;]<\/p>\n","protected":false},"author":1,"featured_media":0,"parent":0,"menu_order":0,"comment_status":"closed","ping_status":"closed","template":"","meta":{"_et_pb_use_builder":"on","_et_pb_old_content":"","_et_gb_content_width":""},"_links":{"self":[{"href":"https:\/\/movimientobiodanza.com\/wordpress\/wp-json\/wp\/v2\/pages\/1144"}],"collection":[{"href":"https:\/\/movimientobiodanza.com\/wordpress\/wp-json\/wp\/v2\/pages"}],"about":[{"href":"https:\/\/movimientobiodanza.com\/wordpress\/wp-json\/wp\/v2\/types\/page"}],"author":[{"embeddable":true,"href":"https:\/\/movimientobiodanza.com\/wordpress\/wp-json\/wp\/v2\/users\/1"}],"replies":[{"embeddable":true,"href":"https:\/\/movimientobiodanza.com\/wordpress\/wp-json\/wp\/v2\/comments?post=1144"}],"version-history":[{"count":13,"href":"https:\/\/movimientobiodanza.com\/wordpress\/wp-json\/wp\/v2\/pages\/1144\/revisions"}],"predecessor-version":[{"id":3962,"href":"https:\/\/movimientobiodanza.com\/wordpress\/wp-json\/wp\/v2\/pages\/1144\/revisions\/3962"}],"wp:attachment":[{"href":"https:\/\/movimientobiodanza.com\/wordpress\/wp-json\/wp\/v2\/media?parent=1144"}],"curies":[{"name":"wp","href":"https:\/\/api.w.org\/{rel}","templated":true}]}}

<p>[et_pb_section fb_built=&#8221;1&#8243; _builder_version=&#8221;4.6.0&#8243; _module_preset=&#8221;default&#8221; background_color=&#8221;#353535&#8243; background_image=&#8221;https://movimientobiodanza.com/wordpress/wp-content/uploads/2020/09/Fondo-web.png&#8221; background_size=&#8221;contain&#8221; background_position=&#8221;top_center&#8221; global_colors_info=&#8221;{}&#8221;][et_pb_row _builder_version=&#8221;4.6.0&#8243; _module_preset=&#8221;default&#8221; width=&#8221;100%&#8221; global_colors_info=&#8221;{}&#8221;][et_pb_column type=&#8221;4_4&#8243; _builder_version=&#8221;4.6.0&#8243; _module_preset=&#8221;default&#8221; global_colors_info=&#8221;{}&#8221;][et_pb_image src=&#8221;https://movimientobiodanza.com/wordpress/wp-content/uploads/2020/09/Logo_Biodanza_redondo.png&#8221; title_text=&#8221;Logo_Biodanza_redondo&#8221; align=&#8221;center&#8221; _builder_version=&#8221;4.6.0&#8243; _module_preset=&#8221;default&#8221; global_colors_info=&#8221;{}&#8221;][/et_pb_image][et_pb_menu menu_id=&#8221;12&#8243; menu_style=&#8221;centered&#8221; dropdown_menu_bg_color=&#8221;#ffffff&#8221; _builder_version=&#8221;4.12.1&#8243; _module_preset=&#8221;default&#8221; background_color=&#8221;rgba(0,0,0,0)&#8221; global_colors_info=&#8221;{}&#8221;][/et_pb_menu][et_pb_social_media_follow _builder_version=&#8221;4.12.1&#8243; _module_preset=&#8221;default&#8221; text_orientation=&#8221;center&#8221; hover_enabled=&#8221;0&#8243; global_colors_info=&#8221;{}&#8221; sticky_enabled=&#8221;0&#8243;][et_pb_social_media_follow_network social_network=&#8221;instagram&#8221; url=&#8221;https://www.instagram.com/biodanzamariagraciaysandra/&#8221; _builder_version=&#8221;4.12.1&#8243; _module_preset=&#8221;default&#8221; background_color=&#8221;#ea2c59&#8243; hover_enabled=&#8221;0&#8243; global_colors_info=&#8221;{}&#8221; follow_button=&#8221;off&#8221; url_new_window=&#8221;on&#8221; sticky_enabled=&#8221;0&#8243;]instagram[/et_pb_social_media_follow_network][et_pb_social_media_follow_network social_network=&#8221;facebook&#8221; url=&#8221;https://www.facebook.com/mariagraciabiodanzamexico/&#8221; _builder_version=&#8221;4.6.0&#8243; _module_preset=&#8221;default&#8221; background_color=&#8221;#3b5998&#8243; global_colors_info=&#8221;{}&#8221; follow_button=&#8221;off&#8221; url_new_window=&#8221;on&#8221;]facebook[/et_pb_social_media_follow_network][/et_pb_social_media_follow][/et_pb_column][/et_pb_row][et_pb_row _builder_version=&#8221;4.6.0&#8243; _module_preset=&#8221;default&#8221; background_color=&#8221;#ffffff&#8221; width=&#8221;100%&#8221; custom_padding=&#8221;2px|20px||20px|false|false&#8221; global_colors_info=&#8221;{}&#8221;][et_pb_column type=&#8221;4_4&#8243; _builder_version=&#8221;4.6.0&#8243; _module_preset=&#8221;default&#8221; global_colors_info=&#8221;{}&#8221;][et_pb_text content_last_edited=&#8221;off|desktop&#8221; _builder_version=&#8221;4.12.1&#8243; _module_preset=&#8221;default&#8221; text_font=&#8221;Lobster Two||||||||&#8221; text_text_color=&#8221;#3A5795&#8243; text_font_size=&#8221;22px&#8221; header_font=&#8221;Lato||||||||&#8221; header_font_size=&#8221;20px&#8221; header_2_font=&#8221;Lato||||||||&#8221; header_2_text_color=&#8221;#02bccb&#8221; background_color=&#8221;#ffffff&#8221; text_orientation=&#8221;justified&#8221; custom_padding=&#8221;40px|40px|40px|40px|false|false&#8221; global_colors_info=&#8221;{}&#8221;]</p>
<h2 class="uk-article-title" style="text-align: center;"><strong><span style="color: #3a5795; font-size: 26px;">REFLEXIONANDO CON ROLANDO</span></strong></h2>
<p style="text-align: center;"><a href="http://www.cape.biodanza.org/" target="_blank" rel="noopener noreferrer"></a></p>
<p style="text-align: center;"><img loading="lazy" src="https://movimientobiodanza.com/wordpress/wp-content/uploads/2020/10/reflexionando.png" width="250" height="287" alt="" class="wp-image-1148 alignnone size-full" /></p>
<h2 style="text-align: left; color: #3a5795;"><span style="color: #3a5795;">&#8220;POR UNA CONCIENCIA MUNDIAL SOBRE LA PAZ&#8221;</span></h2>
<p>La evolución del hombre tiene una vertiente biológica de creación de vida y una vertiente cultural de creación tecnológica. Estas dos formas se fueron separando a través de los siglos. La situación actual de nuestra civilización nos conduce a una cultura de muerte. Nuestro tiempo se caracteriza por el signo de Caín: el asesinato, la guerra, la destructividad, la depresión y el sufrimiento de millones de seres humanos. La omnipotencia del poder y del dinero es tan fuerte que para muchos ya parece una condición propia de la naturaleza del hombre.</p>
<p>&nbsp;</p>
<h2 style="text-align: left; color: #3a5795;"><span style="color: #3a5795;">PERDIMOS EL PARAÍSO EN LA TIERRA; EL ACCESO AL AMOR Y A LA ALEGRÍA DE VIVIR.</span></h2>
<p>El deterioro progresivo de la afectividad y de la conciencia ética representa una tragedia antropológica, que pone en peligro la supervivencia de la especie. La inteligencia abstracta se disoció de la afectividad. En la atmósfera cotidiana no sólo respiramos el aire contaminado, sino también la soledad, el miedo y la violencia. Perdimos la sacralidad de la vida, por primera vez en la historia estamos concientes de que vivimos en una civilización enferma. Frente a este estado de cosas, la comunidad de Biodanza constituye la conciencia viva de nuestro tiempo.</p>
<p>&nbsp;</p>
<h2 style="text-align: left; color: #3a5795;"><span style="color: #3a5795;">TENEMOS LA MISIÓN DE DEVOLVER AL MUNDO SU DERECHO AL PARAÍSO.</span></h2>
<p>Esta misión parece una quimera, sin embargo se realiza día a día, en el proceso de transmutación afectiva, en el imperio del corazón misericordioso. Estamos haciendo un llamado a todos los hombres y mujeres de la Tierra para unirnos y realizar juntos la danza de la vida, abriendo espacios de felicidad. Los esperamos a todos llenos de amor y esperanza.</p>
<p>&nbsp;</p>
<h2 style="text-align: right; color: #3a5795;"><span style="color: #3a5795;">ROLANDO TORO ARANEDA</span></h2>
<p>&nbsp;[/et_pb_text][/et_pb_column][/et_pb_row][/et_pb_section][et_pb_section fb_built=&#8221;1&#8243; _builder_version=&#8221;4.6.0&#8243; _module_preset=&#8221;default&#8221; background_color=&#8221;#626a72&#8243; global_colors_info=&#8221;{}&#8221;][et_pb_row _builder_version=&#8221;4.6.0&#8243; _module_preset=&#8221;default&#8221; global_colors_info=&#8221;{}&#8221;][et_pb_column type=&#8221;4_4&#8243; _builder_version=&#8221;4.6.0&#8243; _module_preset=&#8221;default&#8221; global_colors_info=&#8221;{}&#8221;][et_pb_button button_url=&#8221;@ET-DC@eyJkeW5hbWljIjp0cnVlLCJjb250ZW50IjoicG9zdF9saW5rX3VybF9wYWdlIiwic2V0dGluZ3MiOnsicG9zdF9pZCI6IjE0MDIifX0=@&#8221; url_new_window=&#8221;on&#8221; button_text=&#8221;Haz click aquí para musicalizar tu visita.&#8221; button_alignment=&#8221;center&#8221; _builder_version=&#8221;4.6.0&#8243; _dynamic_attributes=&#8221;button_url&#8221; _module_preset=&#8221;default&#8221; custom_button=&#8221;on&#8221; button_text_color=&#8221;#ffffff&#8221; button_bg_color=&#8221;#3A5795&#8243; button_border_width=&#8221;0px&#8221; button_border_radius=&#8221;21px&#8221; button_font=&#8221;Lato||||||||&#8221; button_icon=&#8221;%%40%%&#8221; button_on_hover=&#8221;off&#8221; custom_margin=&#8221;||||false|false&#8221; custom_padding=&#8221;|50px|||false|false&#8221; animation_style=&#8221;zoom&#8221; global_colors_info=&#8221;{}&#8221;][/et_pb_button][et_pb_text _builder_version=&#8221;4.12.1&#8243; _module_preset=&#8221;default&#8221; text_text_color=&#8221;#ffffff&#8221; global_colors_info=&#8221;{}&#8221;]</p>
<p style="text-align: center;">Movimiento Biodanza &#8211; Copyright © 2022 Asesores Ing. Jorge Silva Alvarez</p>
<p>[/et_pb_text][/et_pb_column][/et_pb_row][/et_pb_section]</p>

<p>instagramfacebookREFLEXIONANDO CON ROLANDO &#8220;POR UNA CONCIENCIA MUNDIAL SOBRE LA PAZ&#8221; La evolución del hombre tiene una vertiente biológica de creación de vida y una vertiente cultural de creación tecnológica. Estas dos formas se fueron separando a través de los siglos. La situación actual de nuestra civilización nos conduce a una cultura de muerte. Nuestro tiempo [&hellip;]</p>
