{"id":2605,"date":"2022-06-20T18:37:15","date_gmt":"2022-06-20T18:37:15","guid":{"rendered":"https:\/\/movimientobiodanza.com\/wordpress\/?page_id=2605"},"modified":"2025-07-27T23:48:33","modified_gmt":"2025-07-27T23:48:33","slug":"requisitos-de-admision-inicial","status":"publish","type":"page","link":"https:\/\/movimientobiodanza.com\/wordpress\/requisitos-de-admision-inicial\/","title":{"rendered":"Requisitos De Admisi\u00f3n Inicial"},"content":{"rendered":"<p>[et_pb_section fb_built=&#8221;1&#8243; _builder_version=&#8221;4.6.0&#8243; _module_preset=&#8221;default&#8221; background_color=&#8221;#353535&#8243; background_image=&#8221;https:\/\/movimientobiodanza.com\/wordpress\/wp-content\/uploads\/2020\/09\/Fondo-web.png&#8221; background_size=&#8221;contain&#8221; background_position=&#8221;top_center&#8221; global_colors_info=&#8221;{}&#8221;][et_pb_row _builder_version=&#8221;4.6.0&#8243; _module_preset=&#8221;default&#8221; width=&#8221;100%&#8221; global_colors_info=&#8221;{}&#8221;][et_pb_column type=&#8221;4_4&#8243; _builder_version=&#8221;4.6.0&#8243; _module_preset=&#8221;default&#8221; global_colors_info=&#8221;{}&#8221;][et_pb_image src=&#8221;https:\/\/movimientobiodanza.com\/wordpress\/wp-content\/uploads\/2020\/09\/Logo_Biodanza_redondo.png&#8221; title_text=&#8221;Logo_Biodanza_redondo&#8221; align=&#8221;center&#8221; _builder_version=&#8221;4.6.0&#8243; _module_preset=&#8221;default&#8221; global_colors_info=&#8221;{}&#8221;][\/et_pb_image][et_pb_menu menu_id=&#8221;12&#8243; menu_style=&#8221;centered&#8221; dropdown_menu_bg_color=&#8221;#ffffff&#8221; _builder_version=&#8221;4.6.0&#8243; _module_preset=&#8221;default&#8221; background_color=&#8221;rgba(0,0,0,0)&#8221; global_colors_info=&#8221;{}&#8221;][\/et_pb_menu][et_pb_social_media_follow _builder_version=&#8221;4.6.0&#8243; _module_preset=&#8221;default&#8221; text_orientation=&#8221;center&#8221; global_colors_info=&#8221;{}&#8221;][et_pb_social_media_follow_network social_network=&#8221;instagram&#8221; url=&#8221;https:\/\/instagram.com\/unanuevatierra9&#8243; _builder_version=&#8221;4.6.0&#8243; _module_preset=&#8221;default&#8221; background_color=&#8221;#ea2c59&#8243; global_colors_info=&#8221;{}&#8221; follow_button=&#8221;off&#8221; url_new_window=&#8221;on&#8221;]instagram[\/et_pb_social_media_follow_network][et_pb_social_media_follow_network social_network=&#8221;facebook&#8221; url=&#8221;https:\/\/www.facebook.com\/mariagraciabiodanzamexico\/&#8221; _builder_version=&#8221;4.6.0&#8243; _module_preset=&#8221;default&#8221; background_color=&#8221;#3b5998&#8243; global_colors_info=&#8221;{}&#8221; follow_button=&#8221;off&#8221; url_new_window=&#8221;on&#8221;]facebook[\/et_pb_social_media_follow_network][et_pb_social_media_follow_network social_network=&#8221;twitter&#8221; url=&#8221;https:\/\/twitter.com\/unanuevatierra9&#8243; _builder_version=&#8221;4.6.0&#8243; _module_preset=&#8221;default&#8221; background_color=&#8221;#00aced&#8221; global_colors_info=&#8221;{}&#8221; follow_button=&#8221;off&#8221; url_new_window=&#8221;on&#8221;]twitter[\/et_pb_social_media_follow_network][\/et_pb_social_media_follow][\/et_pb_column][\/et_pb_row][et_pb_row _builder_version=&#8221;4.6.0&#8243; _module_preset=&#8221;default&#8221; background_color=&#8221;#ffffff&#8221; width=&#8221;100%&#8221; custom_padding=&#8221;|20px|20px|20px|false|false&#8221; global_colors_info=&#8221;{}&#8221;][et_pb_column type=&#8221;4_4&#8243; _builder_version=&#8221;4.6.0&#8243; _module_preset=&#8221;default&#8221; global_colors_info=&#8221;{}&#8221;][et_pb_text content_last_edited=&#8221;off|desktop&#8221; _builder_version=&#8221;4.12.1&#8243; _module_preset=&#8221;default&#8221; text_font=&#8221;Lobster Two||||||||&#8221; text_text_color=&#8221;#3A5795&#8243; text_font_size=&#8221;22px&#8221; header_font=&#8221;Lato||||||||&#8221; header_font_size=&#8221;20px&#8221; header_2_font=&#8221;Lato||||||||&#8221; header_2_text_color=&#8221;#02bccb&#8221; background_color=&#8221;#ffffff&#8221; text_orientation=&#8221;justified&#8221; custom_padding=&#8221;40px|40px|40px|40px|false|false&#8221; hover_enabled=&#8221;0&#8243; global_colors_info=&#8221;{}&#8221; sticky_enabled=&#8221;0&#8243;]<\/p>\n<h1 style=\"text-align: center;\"><img loading=\"lazy\" class=\"wp-image-2609 alignnone size-full\" style=\"display: block; margin-left: auto; margin-right: auto;\" src=\"https:\/\/movimientobiodanza.com\/wordpress\/wp-content\/uploads\/2022\/06\/Captura.png\" alt=\"\" width=\"154\" height=\"164\" \/><\/h1>\n<p>&nbsp;<\/p>\n<h1 style=\"text-align: center;\"><span style=\"color: #3a5795; font-size: 28px;\"><strong>REQUISITOS DE ADMISI\u00d3N INICIAL<\/strong><\/span><\/h1>\n<p>&nbsp;<\/p>\n<h5 style=\"text-align: center;\"><span style=\"font-size: 24px;\"> * <span style=\"color: #3a5795;\">Contar con un m\u00ednimo cincuenta (50) horas de vivencia, formando parte de un Grupo Regular de Biodanza.<\/span><\/span><\/h5>\n<h5 style=\"text-align: center; font-size: 24px;\"><span style=\"color: #3a5795;\"> * Tener una profesi\u00f3n de base (no limitativo).<\/span><\/h5>\n<h5 style=\"text-align: center; font-size: 24px;\"><span style=\"color: #3a5795;\"> * Contar con salud mental y emocional.<\/span><\/h5>\n<h5 style=\"text-align: center; font-size: 24px;\"><span style=\"color: #3a5795;\"> * Realizar una entrevista inicial con la Direcci\u00f3n de la Escuela.<\/span><\/h5>\n<h5 style=\"text-align: center; font-size: 24px;\"><span style=\"color: #3a5795;\"> * Consignar Ficha de Inscripci\u00f3n y dem\u00e1s requisitos.<\/span><\/h5>\n<h5 style=\"text-align: center; font-size: 24px;\"><span style=\"color: #3a5795;\"> * Abono de la Inscripci\u00f3n y Primer M\u00f3dulo de Formaci\u00f3n.\u00a0<\/span><\/h5>\n<p>&nbsp;<\/p>\n<p>&nbsp;<\/p>\n<p style=\"text-align: center;\"><img loading=\"lazy\" class=\"wp-image-3652 alignnone size-medium\" src=\"https:\/\/movimientobiodanza.com\/wordpress\/wp-content\/uploads\/2022\/08\/1.-Requisitos-de-Admisio\u0301n-Inicial--300x200.jpg\" alt=\"\" width=\"482\" height=\"321\" srcset=\"https:\/\/movimientobiodanza.com\/wordpress\/wp-content\/uploads\/2022\/08\/1.-Requisitos-de-Admisio\u0301n-Inicial--300x200.jpg 300w, https:\/\/movimientobiodanza.com\/wordpress\/wp-content\/uploads\/2022\/08\/1.-Requisitos-de-Admisio\u0301n-Inicial--480x320.jpg 480w, https:\/\/movimientobiodanza.com\/wordpress\/wp-content\/uploads\/2022\/08\/1.-Requisitos-de-Admisio\u0301n-Inicial-.jpg 500w\" sizes=\"(max-width: 482px) 100vw, 482px\" \/><\/p>\n<p>&nbsp;<\/p>\n<p>&nbsp;<\/p>\n<p style=\"text-align: center;\">\n<h1 style=\"text-align: center;\"><span style=\"color: #3a5795; font-size: 28px;\"><strong>REQUISITOS DE APROBACI\u00d3N FINAL<\/strong><\/span><\/h1>\n<p style=\"text-align: center;\"><strong>\u00a0<\/strong><\/p>\n<h5 style=\"text-align: center; font-size: 24px;\">* <span style=\"color: #3a5795;\">Cursar los 21 M\u00f3dulos de Formaci\u00f3n del Programa.<\/span><span style=\"color: #3a5795;\"><strong>\u00a0<\/strong><\/span><\/h5>\n<h5 style=\"text-align: center; font-size: 24px;\"><span style=\"color: #3a5795;\"> * Entregar los 21 relatos te\u00f3ricos vivenciales, despu\u00e9s de cada M\u00f3dulo y antes del siguiente.<\/span><\/h5>\n<h5 style=\"text-align: center; font-size: 24px;\"><span style=\"color: #3a5795;\"> * Cursar las 7 Metodolog\u00edas y los 2 M\u00f3dulos Metodol\u00f3gicos complementarios.<\/span><\/h5>\n<h5 style=\"text-align: center; font-size: 24px;\"><span style=\"color: #3a5795;\"> * Realizar dos (2) Seminarios.<\/span><\/h5>\n<h5 style=\"text-align: center; font-size: 24px;\"><span style=\"color: #3a5795;\">* Realizar las ocho (8) pr\u00e1cticas supervisadas.<\/span><\/h5>\n<h5 style=\"text-align: center; font-size: 24px;\"><span style=\"color: #3a5795;\">* Cursar dos (2) Proyectos Minotauros.<\/span><\/h5>\n<h5 style=\"text-align: center; font-size: 24px;\"><span style=\"color: #3a5795;\">* Tomar cuatro (4) Talleres Vivenciales a elegir de car\u00e1cter complementario durante el desarrollo de la formaci\u00f3n.<\/span><\/h5>\n<h5 style=\"text-align: center; font-size: 24px;\"><span style=\"color: #3a5795;\"> * Presentar la Monograf\u00eda Final.<\/span><\/h5>\n<h5 style=\"text-align: center; font-size: 24px;\"><span style=\"color: #3a5795;\"> * Cubrir cabalmente con todos los aranceles financieros pertinentes de todos estas actividades y las inscripciones anuales.<\/span><\/h5>\n<p>&nbsp;<\/p>\n<p>&nbsp;<\/p>\n<p style=\"text-align: center;\"><span style=\"color: #3a5795;\"><img loading=\"lazy\" class=\"wp-image-3654 alignnone size-medium\" src=\"https:\/\/movimientobiodanza.com\/wordpress\/wp-content\/uploads\/2022\/08\/2.-Requisitos-de-Aprobacio\u0301n-Final-300x157.jpg\" alt=\"\" width=\"457\" height=\"239\" srcset=\"https:\/\/movimientobiodanza.com\/wordpress\/wp-content\/uploads\/2022\/08\/2.-Requisitos-de-Aprobacio\u0301n-Final-300x157.jpg 300w, https:\/\/movimientobiodanza.com\/wordpress\/wp-content\/uploads\/2022\/08\/2.-Requisitos-de-Aprobacio\u0301n-Final-1024x535.jpg 1024w, https:\/\/movimientobiodanza.com\/wordpress\/wp-content\/uploads\/2022\/08\/2.-Requisitos-de-Aprobacio\u0301n-Final-768x401.jpg 768w, https:\/\/movimientobiodanza.com\/wordpress\/wp-content\/uploads\/2022\/08\/2.-Requisitos-de-Aprobacio\u0301n-Final-1536x803.jpg 1536w, https:\/\/movimientobiodanza.com\/wordpress\/wp-content\/uploads\/2022\/08\/2.-Requisitos-de-Aprobacio\u0301n-Final-2048x1070.jpg 2048w, https:\/\/movimientobiodanza.com\/wordpress\/wp-content\/uploads\/2022\/08\/2.-Requisitos-de-Aprobacio\u0301n-Final-1080x565.jpg 1080w, https:\/\/movimientobiodanza.com\/wordpress\/wp-content\/uploads\/2022\/08\/2.-Requisitos-de-Aprobacio\u0301n-Final-1280x669.jpg 1280w, https:\/\/movimientobiodanza.com\/wordpress\/wp-content\/uploads\/2022\/08\/2.-Requisitos-de-Aprobacio\u0301n-Final-980x512.jpg 980w, https:\/\/movimientobiodanza.com\/wordpress\/wp-content\/uploads\/2022\/08\/2.-Requisitos-de-Aprobacio\u0301n-Final-480x251.jpg 480w\" sizes=\"(max-width: 457px) 100vw, 457px\" \/><\/span><\/p>\n<p>[\/et_pb_text][\/et_pb_column][\/et_pb_row][\/et_pb_section][et_pb_section fb_built=&#8221;1&#8243; _builder_version=&#8221;4.6.0&#8243; _module_preset=&#8221;default&#8221; background_color=&#8221;#626a72&#8243; global_colors_info=&#8221;{}&#8221;][et_pb_row _builder_version=&#8221;4.6.0&#8243; _module_preset=&#8221;default&#8221; global_colors_info=&#8221;{}&#8221;][et_pb_column type=&#8221;4_4&#8243; _builder_version=&#8221;4.6.0&#8243; _module_preset=&#8221;default&#8221; global_colors_info=&#8221;{}&#8221;][et_pb_button button_url=&#8221;@ET-DC@eyJkeW5hbWljIjp0cnVlLCJjb250ZW50IjoicG9zdF9saW5rX3VybF9wYWdlIiwic2V0dGluZ3MiOnsicG9zdF9pZCI6IjE0MDIifX0=@&#8221; url_new_window=&#8221;on&#8221; button_text=&#8221;Haz click aqu\u00ed para musicalizar tu visita.&#8221; button_alignment=&#8221;center&#8221; _builder_version=&#8221;4.6.0&#8243; _dynamic_attributes=&#8221;button_url&#8221; _module_preset=&#8221;default&#8221; custom_button=&#8221;on&#8221; button_text_color=&#8221;#ffffff&#8221; button_bg_color=&#8221;#3A5795&#8243; button_border_width=&#8221;0px&#8221; button_border_radius=&#8221;21px&#8221; button_font=&#8221;Lato||||||||&#8221; button_icon=&#8221;%%40%%&#8221; button_on_hover=&#8221;off&#8221; custom_margin=&#8221;||||false|false&#8221; custom_padding=&#8221;|50px|||false|false&#8221; animation_style=&#8221;zoom&#8221; global_colors_info=&#8221;{}&#8221;][\/et_pb_button][et_pb_text _builder_version=&#8221;4.6.0&#8243; _module_preset=&#8221;default&#8221; text_text_color=&#8221;#ffffff&#8221; global_colors_info=&#8221;{}&#8221;]<\/p>\n<p style=\"text-align: center;\">Movimiento Biodanza &#8211; Copyright \u00a9 2015 Asesores YMT<\/p>\n<p>[\/et_pb_text][\/et_pb_column][\/et_pb_row][\/et_pb_section]<\/p>\n","protected":false},"excerpt":{"rendered":"<p>instagramfacebooktwitter &nbsp; REQUISITOS DE ADMISI\u00d3N INICIAL &nbsp; * Contar con un m\u00ednimo cincuenta (50) horas de vivencia, formando parte de un Grupo Regular de Biodanza. * Tener una profesi\u00f3n de base (no limitativo). * Contar con salud mental y emocional. * Realizar una entrevista inicial con la Direcci\u00f3n de la Escuela. * Consignar Ficha de [&hellip;]<\/p>\n","protected":false},"author":3,"featured_media":0,"parent":0,"menu_order":0,"comment_status":"closed","ping_status":"closed","template":"","meta":{"_et_pb_use_builder":"on","_et_pb_old_content":"","_et_gb_content_width":""},"_links":{"self":[{"href":"https:\/\/movimientobiodanza.com\/wordpress\/wp-json\/wp\/v2\/pages\/2605"}],"collection":[{"href":"https:\/\/movimientobiodanza.com\/wordpress\/wp-json\/wp\/v2\/pages"}],"about":[{"href":"https:\/\/movimientobiodanza.com\/wordpress\/wp-json\/wp\/v2\/types\/page"}],"author":[{"embeddable":true,"href":"https:\/\/movimientobiodanza.com\/wordpress\/wp-json\/wp\/v2\/users\/3"}],"replies":[{"embeddable":true,"href":"https:\/\/movimientobiodanza.com\/wordpress\/wp-json\/wp\/v2\/comments?post=2605"}],"version-history":[{"count":10,"href":"https:\/\/movimientobiodanza.com\/wordpress\/wp-json\/wp\/v2\/pages\/2605\/revisions"}],"predecessor-version":[{"id":4197,"href":"https:\/\/movimientobiodanza.com\/wordpress\/wp-json\/wp\/v2\/pages\/2605\/revisions\/4197"}],"wp:attachment":[{"href":"https:\/\/movimientobiodanza.com\/wordpress\/wp-json\/wp\/v2\/media?parent=2605"}],"curies":[{"name":"wp","href":"https:\/\/api.w.org\/{rel}","templated":true}]}}

Requisitos De Admisión Inicial

<p>[et_pb_section fb_built=&#8221;1&#8243; _builder_version=&#8221;4.6.0&#8243; _module_preset=&#8221;default&#8221; background_color=&#8221;#353535&#8243; background_image=&#8221;https://movimientobiodanza.com/wordpress/wp-content/uploads/2020/09/Fondo-web.png&#8221; background_size=&#8221;contain&#8221; background_position=&#8221;top_center&#8221; global_colors_info=&#8221;{}&#8221;][et_pb_row _builder_version=&#8221;4.6.0&#8243; _module_preset=&#8221;default&#8221; width=&#8221;100%&#8221; global_colors_info=&#8221;{}&#8221;][et_pb_column type=&#8221;4_4&#8243; _builder_version=&#8221;4.6.0&#8243; _module_preset=&#8221;default&#8221; global_colors_info=&#8221;{}&#8221;][et_pb_image src=&#8221;https://movimientobiodanza.com/wordpress/wp-content/uploads/2020/09/Logo_Biodanza_redondo.png&#8221; title_text=&#8221;Logo_Biodanza_redondo&#8221; align=&#8221;center&#8221; _builder_version=&#8221;4.6.0&#8243; _module_preset=&#8221;default&#8221; global_colors_info=&#8221;{}&#8221;][/et_pb_image][et_pb_menu menu_id=&#8221;12&#8243; menu_style=&#8221;centered&#8221; dropdown_menu_bg_color=&#8221;#ffffff&#8221; _builder_version=&#8221;4.6.0&#8243; _module_preset=&#8221;default&#8221; background_color=&#8221;rgba(0,0,0,0)&#8221; global_colors_info=&#8221;{}&#8221;][/et_pb_menu][et_pb_social_media_follow _builder_version=&#8221;4.6.0&#8243; _module_preset=&#8221;default&#8221; text_orientation=&#8221;center&#8221; global_colors_info=&#8221;{}&#8221;][et_pb_social_media_follow_network social_network=&#8221;instagram&#8221; url=&#8221;https://instagram.com/unanuevatierra9&#8243; _builder_version=&#8221;4.6.0&#8243; _module_preset=&#8221;default&#8221; background_color=&#8221;#ea2c59&#8243; global_colors_info=&#8221;{}&#8221; follow_button=&#8221;off&#8221; url_new_window=&#8221;on&#8221;]instagram[/et_pb_social_media_follow_network][et_pb_social_media_follow_network social_network=&#8221;facebook&#8221; url=&#8221;https://www.facebook.com/mariagraciabiodanzamexico/&#8221; _builder_version=&#8221;4.6.0&#8243; _module_preset=&#8221;default&#8221; background_color=&#8221;#3b5998&#8243; global_colors_info=&#8221;{}&#8221; follow_button=&#8221;off&#8221; url_new_window=&#8221;on&#8221;]facebook[/et_pb_social_media_follow_network][et_pb_social_media_follow_network social_network=&#8221;twitter&#8221; url=&#8221;https://twitter.com/unanuevatierra9&#8243; _builder_version=&#8221;4.6.0&#8243; _module_preset=&#8221;default&#8221; background_color=&#8221;#00aced&#8221; global_colors_info=&#8221;{}&#8221; follow_button=&#8221;off&#8221; url_new_window=&#8221;on&#8221;]twitter[/et_pb_social_media_follow_network][/et_pb_social_media_follow][/et_pb_column][/et_pb_row][et_pb_row _builder_version=&#8221;4.6.0&#8243; _module_preset=&#8221;default&#8221; background_color=&#8221;#ffffff&#8221; width=&#8221;100%&#8221; custom_padding=&#8221;|20px|20px|20px|false|false&#8221; global_colors_info=&#8221;{}&#8221;][et_pb_column type=&#8221;4_4&#8243; _builder_version=&#8221;4.6.0&#8243; _module_preset=&#8221;default&#8221; global_colors_info=&#8221;{}&#8221;][et_pb_text content_last_edited=&#8221;off|desktop&#8221; _builder_version=&#8221;4.12.1&#8243; _module_preset=&#8221;default&#8221; text_font=&#8221;Lobster Two||||||||&#8221; text_text_color=&#8221;#3A5795&#8243; text_font_size=&#8221;22px&#8221; header_font=&#8221;Lato||||||||&#8221; header_font_size=&#8221;20px&#8221; header_2_font=&#8221;Lato||||||||&#8221; header_2_text_color=&#8221;#02bccb&#8221; background_color=&#8221;#ffffff&#8221; text_orientation=&#8221;justified&#8221; custom_padding=&#8221;40px|40px|40px|40px|false|false&#8221; hover_enabled=&#8221;0&#8243; global_colors_info=&#8221;{}&#8221; sticky_enabled=&#8221;0&#8243;]</p>
<h1 style="text-align: center;"><img loading="lazy" class="wp-image-2609 alignnone size-full" style="display: block; margin-left: auto; margin-right: auto;" src="https://movimientobiodanza.com/wordpress/wp-content/uploads/2022/06/Captura.png" alt="" width="154" height="164" /></h1>
<p>&nbsp;</p>
<h1 style="text-align: center;"><span style="color: #3a5795; font-size: 28px;"><strong>REQUISITOS DE ADMISIÓN INICIAL</strong></span></h1>
<p>&nbsp;</p>
<h5 style="text-align: center;"><span style="font-size: 24px;"> * <span style="color: #3a5795;">Contar con un mínimo cincuenta (50) horas de vivencia, formando parte de un Grupo Regular de Biodanza.</span></span></h5>
<h5 style="text-align: center; font-size: 24px;"><span style="color: #3a5795;"> * Tener una profesión de base (no limitativo).</span></h5>
<h5 style="text-align: center; font-size: 24px;"><span style="color: #3a5795;"> * Contar con salud mental y emocional.</span></h5>
<h5 style="text-align: center; font-size: 24px;"><span style="color: #3a5795;"> * Realizar una entrevista inicial con la Dirección de la Escuela.</span></h5>
<h5 style="text-align: center; font-size: 24px;"><span style="color: #3a5795;"> * Consignar Ficha de Inscripción y demás requisitos.</span></h5>
<h5 style="text-align: center; font-size: 24px;"><span style="color: #3a5795;"> * Abono de la Inscripción y Primer Módulo de Formación. </span></h5>
<p>&nbsp;</p>
<p>&nbsp;</p>
<p style="text-align: center;"><img loading="lazy" class="wp-image-3652 alignnone size-medium" src="https://movimientobiodanza.com/wordpress/wp-content/uploads/2022/08/1.-Requisitos-de-Admisión-Inicial--300x200.jpg" alt="" width="482" height="321" srcset="https://movimientobiodanza.com/wordpress/wp-content/uploads/2022/08/1.-Requisitos-de-Admisión-Inicial--300x200.jpg 300w, https://movimientobiodanza.com/wordpress/wp-content/uploads/2022/08/1.-Requisitos-de-Admisión-Inicial--480x320.jpg 480w, https://movimientobiodanza.com/wordpress/wp-content/uploads/2022/08/1.-Requisitos-de-Admisión-Inicial-.jpg 500w" sizes="(max-width: 482px) 100vw, 482px" /></p>
<p>&nbsp;</p>
<p>&nbsp;</p>
<p style="text-align: center;">
<h1 style="text-align: center;"><span style="color: #3a5795; font-size: 28px;"><strong>REQUISITOS DE APROBACIÓN FINAL</strong></span></h1>
<p style="text-align: center;"><strong> </strong></p>
<h5 style="text-align: center; font-size: 24px;">* <span style="color: #3a5795;">Cursar los 21 Módulos de Formación del Programa.</span><span style="color: #3a5795;"><strong> </strong></span></h5>
<h5 style="text-align: center; font-size: 24px;"><span style="color: #3a5795;"> * Entregar los 21 relatos teóricos vivenciales, después de cada Módulo y antes del siguiente.</span></h5>
<h5 style="text-align: center; font-size: 24px;"><span style="color: #3a5795;"> * Cursar las 7 Metodologías y los 2 Módulos Metodológicos complementarios.</span></h5>
<h5 style="text-align: center; font-size: 24px;"><span style="color: #3a5795;"> * Realizar dos (2) Seminarios.</span></h5>
<h5 style="text-align: center; font-size: 24px;"><span style="color: #3a5795;">* Realizar las ocho (8) prácticas supervisadas.</span></h5>
<h5 style="text-align: center; font-size: 24px;"><span style="color: #3a5795;">* Cursar dos (2) Proyectos Minotauros.</span></h5>
<h5 style="text-align: center; font-size: 24px;"><span style="color: #3a5795;">* Tomar cuatro (4) Talleres Vivenciales a elegir de carácter complementario durante el desarrollo de la formación.</span></h5>
<h5 style="text-align: center; font-size: 24px;"><span style="color: #3a5795;"> * Presentar la Monografía Final.</span></h5>
<h5 style="text-align: center; font-size: 24px;"><span style="color: #3a5795;"> * Cubrir cabalmente con todos los aranceles financieros pertinentes de todos estas actividades y las inscripciones anuales.</span></h5>
<p>&nbsp;</p>
<p>&nbsp;</p>
<p style="text-align: center;"><span style="color: #3a5795;"><img loading="lazy" class="wp-image-3654 alignnone size-medium" src="https://movimientobiodanza.com/wordpress/wp-content/uploads/2022/08/2.-Requisitos-de-Aprobación-Final-300x157.jpg" alt="" width="457" height="239" srcset="https://movimientobiodanza.com/wordpress/wp-content/uploads/2022/08/2.-Requisitos-de-Aprobación-Final-300x157.jpg 300w, https://movimientobiodanza.com/wordpress/wp-content/uploads/2022/08/2.-Requisitos-de-Aprobación-Final-1024x535.jpg 1024w, https://movimientobiodanza.com/wordpress/wp-content/uploads/2022/08/2.-Requisitos-de-Aprobación-Final-768x401.jpg 768w, https://movimientobiodanza.com/wordpress/wp-content/uploads/2022/08/2.-Requisitos-de-Aprobación-Final-1536x803.jpg 1536w, https://movimientobiodanza.com/wordpress/wp-content/uploads/2022/08/2.-Requisitos-de-Aprobación-Final-2048x1070.jpg 2048w, https://movimientobiodanza.com/wordpress/wp-content/uploads/2022/08/2.-Requisitos-de-Aprobación-Final-1080x565.jpg 1080w, https://movimientobiodanza.com/wordpress/wp-content/uploads/2022/08/2.-Requisitos-de-Aprobación-Final-1280x669.jpg 1280w, https://movimientobiodanza.com/wordpress/wp-content/uploads/2022/08/2.-Requisitos-de-Aprobación-Final-980x512.jpg 980w, https://movimientobiodanza.com/wordpress/wp-content/uploads/2022/08/2.-Requisitos-de-Aprobación-Final-480x251.jpg 480w" sizes="(max-width: 457px) 100vw, 457px" /></span></p>
<p>[/et_pb_text][/et_pb_column][/et_pb_row][/et_pb_section][et_pb_section fb_built=&#8221;1&#8243; _builder_version=&#8221;4.6.0&#8243; _module_preset=&#8221;default&#8221; background_color=&#8221;#626a72&#8243; global_colors_info=&#8221;{}&#8221;][et_pb_row _builder_version=&#8221;4.6.0&#8243; _module_preset=&#8221;default&#8221; global_colors_info=&#8221;{}&#8221;][et_pb_column type=&#8221;4_4&#8243; _builder_version=&#8221;4.6.0&#8243; _module_preset=&#8221;default&#8221; global_colors_info=&#8221;{}&#8221;][et_pb_button button_url=&#8221;@ET-DC@eyJkeW5hbWljIjp0cnVlLCJjb250ZW50IjoicG9zdF9saW5rX3VybF9wYWdlIiwic2V0dGluZ3MiOnsicG9zdF9pZCI6IjE0MDIifX0=@&#8221; url_new_window=&#8221;on&#8221; button_text=&#8221;Haz click aquí para musicalizar tu visita.&#8221; button_alignment=&#8221;center&#8221; _builder_version=&#8221;4.6.0&#8243; _dynamic_attributes=&#8221;button_url&#8221; _module_preset=&#8221;default&#8221; custom_button=&#8221;on&#8221; button_text_color=&#8221;#ffffff&#8221; button_bg_color=&#8221;#3A5795&#8243; button_border_width=&#8221;0px&#8221; button_border_radius=&#8221;21px&#8221; button_font=&#8221;Lato||||||||&#8221; button_icon=&#8221;%%40%%&#8221; button_on_hover=&#8221;off&#8221; custom_margin=&#8221;||||false|false&#8221; custom_padding=&#8221;|50px|||false|false&#8221; animation_style=&#8221;zoom&#8221; global_colors_info=&#8221;{}&#8221;][/et_pb_button][et_pb_text _builder_version=&#8221;4.6.0&#8243; _module_preset=&#8221;default&#8221; text_text_color=&#8221;#ffffff&#8221; global_colors_info=&#8221;{}&#8221;]</p>
<p style="text-align: center;">Movimiento Biodanza &#8211; Copyright © 2015 Asesores YMT</p>
<p>[/et_pb_text][/et_pb_column][/et_pb_row][/et_pb_section]</p>

<p>instagramfacebooktwitter &nbsp; REQUISITOS DE ADMISIÓN INICIAL &nbsp; * Contar con un mínimo cincuenta (50) horas de vivencia, formando parte de un Grupo Regular de Biodanza. * Tener una profesión de base (no limitativo). * Contar con salud mental y emocional. * Realizar una entrevista inicial con la Dirección de la Escuela. * Consignar Ficha de [&hellip;]</p>
