{"id":681,"date":"2020-09-14T12:02:19","date_gmt":"2020-09-14T12:02:19","guid":{"rendered":"https:\/\/movimientobiodanza.com\/wordpress\/?page_id=681"},"modified":"2020-12-15T23:54:29","modified_gmt":"2020-12-15T23:54:29","slug":"sus-fundadoras","status":"publish","type":"page","link":"https:\/\/movimientobiodanza.com\/wordpress\/sus-fundadoras\/","title":{"rendered":"Sus Fundadoras <!- Clinica del alma ->"},"content":{"rendered":"<p>[et_pb_section fb_built=&#8221;1&#8243; _builder_version=&#8221;4.6.0&#8243; _module_preset=&#8221;default&#8221; background_color=&#8221;#353535&#8243; background_image=&#8221;https:\/\/movimientobiodanza.com\/wordpress\/wp-content\/uploads\/2020\/09\/Fondo-web.png&#8221; background_size=&#8221;contain&#8221; background_position=&#8221;top_center&#8221;][et_pb_row _builder_version=&#8221;4.6.0&#8243; _module_preset=&#8221;default&#8221; width=&#8221;100%&#8221;][et_pb_column type=&#8221;4_4&#8243; _builder_version=&#8221;4.6.0&#8243; _module_preset=&#8221;default&#8221;][et_pb_image src=&#8221;https:\/\/movimientobiodanza.com\/wordpress\/wp-content\/uploads\/2020\/09\/Logo_Biodanza_redondo.png&#8221; title_text=&#8221;Logo_Biodanza_redondo&#8221; align=&#8221;center&#8221; _builder_version=&#8221;4.6.0&#8243; _module_preset=&#8221;default&#8221;][\/et_pb_image][et_pb_menu menu_id=&#8221;13&#8243; menu_style=&#8221;centered&#8221; dropdown_menu_bg_color=&#8221;#ffffff&#8221; _builder_version=&#8221;4.6.0&#8243; _module_preset=&#8221;default&#8221; background_color=&#8221;rgba(0,0,0,0)&#8221;][\/et_pb_menu][et_pb_social_media_follow _builder_version=&#8221;4.6.0&#8243; _module_preset=&#8221;default&#8221; text_orientation=&#8221;center&#8221;][et_pb_social_media_follow_network social_network=&#8221;instagram&#8221; url=&#8221;https:\/\/instagram.com\/unanuevatierra9&#8243; _builder_version=&#8221;4.6.0&#8243; _module_preset=&#8221;default&#8221; background_color=&#8221;#ea2c59&#8243; follow_button=&#8221;off&#8221; url_new_window=&#8221;on&#8221;]instagram[\/et_pb_social_media_follow_network][et_pb_social_media_follow_network social_network=&#8221;facebook&#8221; url=&#8221;https:\/\/www.facebook.com\/mariagraciabiodanzamexico\/&#8221; _builder_version=&#8221;4.6.0&#8243; _module_preset=&#8221;default&#8221; background_color=&#8221;#3b5998&#8243; follow_button=&#8221;off&#8221; url_new_window=&#8221;on&#8221;]facebook[\/et_pb_social_media_follow_network][et_pb_social_media_follow_network social_network=&#8221;twitter&#8221; url=&#8221;https:\/\/twitter.com\/unanuevatierra9&#8243; _builder_version=&#8221;4.6.0&#8243; _module_preset=&#8221;default&#8221; background_color=&#8221;#00aced&#8221; follow_button=&#8221;off&#8221; url_new_window=&#8221;on&#8221;]twitter[\/et_pb_social_media_follow_network][\/et_pb_social_media_follow][\/et_pb_column][\/et_pb_row][et_pb_row _builder_version=&#8221;4.6.0&#8243; _module_preset=&#8221;default&#8221; background_color=&#8221;#ffffff&#8221; width=&#8221;100%&#8221; custom_padding=&#8221;40px|40px|40px|40px|false|false&#8221;][et_pb_column type=&#8221;4_4&#8243; _builder_version=&#8221;4.6.0&#8243; _module_preset=&#8221;default&#8221;][et_pb_text content_last_edited=&#8221;off|desktop&#8221; _builder_version=&#8221;4.6.0&#8243; _module_preset=&#8221;default&#8221; text_font=&#8221;Lobster Two||||||||&#8221; text_text_color=&#8221; #3A5795&#8243; text_font_size=&#8221;22px&#8221; header_font=&#8221;Lato||||||||&#8221; header_font_size=&#8221;20px&#8221; header_2_font=&#8221;Lobster Two||||||||&#8221; header_2_text_align=&#8221;justify&#8221; header_2_text_color=&#8221;#3A5795&#8243; header_2_font_size=&#8221;22px&#8221; background_color=&#8221;#ffffff&#8221; text_orientation=&#8221;justified&#8221; custom_padding=&#8221;40px|40px|40px|40px|false|false&#8221;]<\/p>\n<h1 class=\"uk-article-title\" style=\"text-align: center;\">SUS FUNDADORAS<\/h1>\n<p>&nbsp;<\/p>\n<p><span style=\"color: #3a5795;\">Como un sue\u00f1o a favor de La<span style=\"color: #02bccb; font-family: tahoma, arial, helvetica, sans-serif;\"> VIDA<\/span>, nos unimos dos seres humanos de pa\u00edses latinoamericanos diferentes, en la sagrada intenci\u00f3n de la cristalizaci\u00f3n de una Cl\u00ednica del Alma , como un veh\u00edculo para convertirnos en la m\u00e1s alta expresi\u00f3n de lo que significa \u201cSer Humano\u201d.<\/span><\/p>\n<p><span style=\"color: #3a5795;\"><img loading=\"lazy\" class=\"wp-image-693 alignnone size-medium\" src=\"https:\/\/movimientobiodanza.com\/wordpress\/wp-content\/uploads\/2020\/09\/SandraFernandezPellonLarumbe-1-300x120.png\" alt=\"\" width=\"300\" height=\"120\" \/><\/span><\/p>\n<p><span style=\"color: #3a5795;\"><img loading=\"lazy\" class=\"wp-image-694 alignnone size-full\" src=\"https:\/\/movimientobiodanza.com\/wordpress\/wp-content\/uploads\/2020\/09\/SandraFerna\u0301ndezPellonLarumbeTEXTO.png\" alt=\"\" width=\"272\" height=\"31\" \/><\/span><\/p>\n<p><span style=\"color: #3a5795;\">Psic\u00f3loga egresada de la Universidad Aut\u00f3noma de Morelos, M\u00e9xico. Psicoterapeuta de ni\u00f1os(as), adolescentes y adultos, con especializaci\u00f3n en el \u00e1rea cl\u00ednica, en cognici\u00f3n y filosof\u00eda de la mente. Poseedora de una gran vocaci\u00f3n al servicio y una alta sensibilidad humana. Ha estado inmersa en el mundo de las artes desde temprana edad, con estudios de especializaci\u00f3n en teatro, canto, poes\u00eda, creaci\u00f3n literaria, oratoria y locuci\u00f3n. Inductora de procesos de sanaci\u00f3n a trav\u00e9s de Meditaci\u00f3n, Canto, Cuento Curativo y la Recapitulaci\u00f3n Tolteca.<\/span><\/p>\n<p>&nbsp;<\/p>\n<p><span style=\"color: #3a5795;\"><img loading=\"lazy\" class=\"wp-image-691 alignnone size-medium\" src=\"https:\/\/movimientobiodanza.com\/wordpress\/wp-content\/uploads\/2020\/09\/MariaGraciaParraPirela-300x108.png\" alt=\"\" width=\"300\" height=\"108\" \/><\/span><\/p>\n<p><span style=\"color: #000000;\"><br \/><span style=\"color: #3a5795;\">Acompa\u00f1ante de procesos humanos individuales y grupales, desarrollando propuestas que integren sus fortalezas en relaci\u00f3n a la psicoterapia y el arte, facilitando m\u00faltiples talleres encaminados a la sanaci\u00f3n an\u00edmica y el despertar de la conciencia en ni\u00f1os (as), j\u00f3venes y adultos y al manejo de conflictos para una educaci\u00f3n para la paz.\u00a0Sandra es cantante profesional , que ha encaminado el sagrado don de su voz al despertar del reecuentro con la propia voz, a la incursi\u00f3n en el Psicocanto y la Cantoterapia y al desarrollo de Conciertos Terap\u00e9uticos en M\u00e9xico y Venezuela, a partir de su primera producci\u00f3n Musical:<\/span> <span style=\"color: #02bccb; font-family: tahoma, arial, helvetica, sans-serif;\">AMOR EN MI SOSTENIDO<\/span>.<\/span><\/p>\n<p><span style=\"color: #3a5795;\"><img loading=\"lazy\" class=\"wp-image-692 alignnone size-full\" src=\"https:\/\/movimientobiodanza.com\/wordpress\/wp-content\/uploads\/2020\/09\/MariaGraciaParraPirelaTEXTO.png\" alt=\"\" width=\"262\" height=\"31\" \/><\/span><\/p>\n<p>Psic\u00f3loga y psicoterapeuta gest\u00e1ltica egresada de la Universidad Rafael Urdaneta en Venezuela. Acompa\u00f1ante de procesos humanos a nivel individual y grupal para adolescentes y adultos desde hace 15 a\u00f1os. Profesora Didacta de Biodanza y actual Directora de la Escuela Venezolana deBiodanza del Sol de Maracaibo en Venezuela , acompa\u00f1ado la formaci\u00f3n de 24 futuros profesores en su primera Cohorte, pr\u00f3ximamente egresados.<\/p>\n<p>Con vasta experiencia en la facilitaci\u00f3n de programas de corporalidad en Venezuela, Colombia, Costa Rica y Panam\u00e1 en sectores empresariales y universitarios de car\u00e1cter privado. Facilitadora acompa\u00f1ante de grupos permanentes de Biodanza durante los \u00faltimos 8 a\u00f1os en Maracaibo, Venezuela. Impulsora de la Danza de la Vida(sistema Biodanza) que integra la ciencia y el arte en Venezuela, desde 2008 y en Panam\u00e1 y M\u00e9xico desde 2013.<\/p>\n<p>Gran sensibilidad art\u00edstica y musical, que enriquecen su trabajo terap\u00e9utico como psicoterapeuta y biodancista, de manera integral.<\/p>\n<p>[\/et_pb_text][et_pb_gallery gallery_ids=&#8221;685,686,687,688,689,690&#8243; posts_number=&#8221;6&#8243; show_title_and_caption=&#8221;off&#8221; show_pagination=&#8221;off&#8221; _builder_version=&#8221;4.6.0&#8243; _module_preset=&#8221;default&#8221; animation_style=&#8221;zoom&#8221;][\/et_pb_gallery][\/et_pb_column][\/et_pb_row][\/et_pb_section][et_pb_section fb_built=&#8221;1&#8243; _builder_version=&#8221;4.6.0&#8243; _module_preset=&#8221;default&#8221; background_color=&#8221;#626a72&#8243;][et_pb_row _builder_version=&#8221;4.6.0&#8243; _module_preset=&#8221;default&#8221;][et_pb_column type=&#8221;4_4&#8243; _builder_version=&#8221;4.6.0&#8243; _module_preset=&#8221;default&#8221;][et_pb_button button_url=&#8221;@ET-DC@eyJkeW5hbWljIjp0cnVlLCJjb250ZW50IjoicG9zdF9saW5rX3VybF9wYWdlIiwic2V0dGluZ3MiOnsicG9zdF9pZCI6IjE0MDIifX0=@&#8221; url_new_window=&#8221;on&#8221; button_text=&#8221;Haz click aqu\u00ed para musicalizar tu visita.&#8221; button_alignment=&#8221;center&#8221; _builder_version=&#8221;4.6.0&#8243; _dynamic_attributes=&#8221;button_url&#8221; _module_preset=&#8221;default&#8221; custom_button=&#8221;on&#8221; button_text_color=&#8221;#ffffff&#8221; button_bg_color=&#8221;#3A5795&#8243; button_border_width=&#8221;0px&#8221; button_border_radius=&#8221;21px&#8221; button_font=&#8221;Lato||||||||&#8221; button_icon=&#8221;%%40%%&#8221; button_on_hover=&#8221;off&#8221; custom_margin=&#8221;||||false|false&#8221; custom_padding=&#8221;|50px|||false|false&#8221; animation_style=&#8221;zoom&#8221;][\/et_pb_button][et_pb_text _builder_version=&#8221;4.6.0&#8243; _module_preset=&#8221;default&#8221; text_text_color=&#8221;#ffffff&#8221;]<\/p>\n<p style=\"text-align: center;\">Movimiento Biodanza &#8211; Copyright \u00a9 2015 Asesores YMT<\/p>\n<p>[\/et_pb_text][\/et_pb_column][\/et_pb_row][\/et_pb_section]<\/p>\n","protected":false},"excerpt":{"rendered":"<p>instagramfacebooktwitterSUS FUNDADORAS &nbsp; Como un sue\u00f1o a favor de La VIDA, nos unimos dos seres humanos de pa\u00edses latinoamericanos diferentes, en la sagrada intenci\u00f3n de la cristalizaci\u00f3n de una Cl\u00ednica del Alma , como un veh\u00edculo para convertirnos en la m\u00e1s alta expresi\u00f3n de lo que significa \u201cSer Humano\u201d. Psic\u00f3loga egresada de la Universidad Aut\u00f3noma [&hellip;]<\/p>\n","protected":false},"author":1,"featured_media":0,"parent":0,"menu_order":0,"comment_status":"closed","ping_status":"closed","template":"","meta":{"_et_pb_use_builder":"on","_et_pb_old_content":"","_et_gb_content_width":""},"_links":{"self":[{"href":"https:\/\/movimientobiodanza.com\/wordpress\/wp-json\/wp\/v2\/pages\/681"}],"collection":[{"href":"https:\/\/movimientobiodanza.com\/wordpress\/wp-json\/wp\/v2\/pages"}],"about":[{"href":"https:\/\/movimientobiodanza.com\/wordpress\/wp-json\/wp\/v2\/types\/page"}],"author":[{"embeddable":true,"href":"https:\/\/movimientobiodanza.com\/wordpress\/wp-json\/wp\/v2\/users\/1"}],"replies":[{"embeddable":true,"href":"https:\/\/movimientobiodanza.com\/wordpress\/wp-json\/wp\/v2\/comments?post=681"}],"version-history":[{"count":16,"href":"https:\/\/movimientobiodanza.com\/wordpress\/wp-json\/wp\/v2\/pages\/681\/revisions"}],"predecessor-version":[{"id":2429,"href":"https:\/\/movimientobiodanza.com\/wordpress\/wp-json\/wp\/v2\/pages\/681\/revisions\/2429"}],"wp:attachment":[{"href":"https:\/\/movimientobiodanza.com\/wordpress\/wp-json\/wp\/v2\/media?parent=681"}],"curies":[{"name":"wp","href":"https:\/\/api.w.org\/{rel}","templated":true}]}}

<p>[et_pb_section fb_built=&#8221;1&#8243; _builder_version=&#8221;4.6.0&#8243; _module_preset=&#8221;default&#8221; background_color=&#8221;#353535&#8243; background_image=&#8221;https://movimientobiodanza.com/wordpress/wp-content/uploads/2020/09/Fondo-web.png&#8221; background_size=&#8221;contain&#8221; background_position=&#8221;top_center&#8221;][et_pb_row _builder_version=&#8221;4.6.0&#8243; _module_preset=&#8221;default&#8221; width=&#8221;100%&#8221;][et_pb_column type=&#8221;4_4&#8243; _builder_version=&#8221;4.6.0&#8243; _module_preset=&#8221;default&#8221;][et_pb_image src=&#8221;https://movimientobiodanza.com/wordpress/wp-content/uploads/2020/09/Logo_Biodanza_redondo.png&#8221; title_text=&#8221;Logo_Biodanza_redondo&#8221; align=&#8221;center&#8221; _builder_version=&#8221;4.6.0&#8243; _module_preset=&#8221;default&#8221;][/et_pb_image][et_pb_menu menu_id=&#8221;13&#8243; menu_style=&#8221;centered&#8221; dropdown_menu_bg_color=&#8221;#ffffff&#8221; _builder_version=&#8221;4.6.0&#8243; _module_preset=&#8221;default&#8221; background_color=&#8221;rgba(0,0,0,0)&#8221;][/et_pb_menu][et_pb_social_media_follow _builder_version=&#8221;4.6.0&#8243; _module_preset=&#8221;default&#8221; text_orientation=&#8221;center&#8221;][et_pb_social_media_follow_network social_network=&#8221;instagram&#8221; url=&#8221;https://instagram.com/unanuevatierra9&#8243; _builder_version=&#8221;4.6.0&#8243; _module_preset=&#8221;default&#8221; background_color=&#8221;#ea2c59&#8243; follow_button=&#8221;off&#8221; url_new_window=&#8221;on&#8221;]instagram[/et_pb_social_media_follow_network][et_pb_social_media_follow_network social_network=&#8221;facebook&#8221; url=&#8221;https://www.facebook.com/mariagraciabiodanzamexico/&#8221; _builder_version=&#8221;4.6.0&#8243; _module_preset=&#8221;default&#8221; background_color=&#8221;#3b5998&#8243; follow_button=&#8221;off&#8221; url_new_window=&#8221;on&#8221;]facebook[/et_pb_social_media_follow_network][et_pb_social_media_follow_network social_network=&#8221;twitter&#8221; url=&#8221;https://twitter.com/unanuevatierra9&#8243; _builder_version=&#8221;4.6.0&#8243; _module_preset=&#8221;default&#8221; background_color=&#8221;#00aced&#8221; follow_button=&#8221;off&#8221; url_new_window=&#8221;on&#8221;]twitter[/et_pb_social_media_follow_network][/et_pb_social_media_follow][/et_pb_column][/et_pb_row][et_pb_row _builder_version=&#8221;4.6.0&#8243; _module_preset=&#8221;default&#8221; background_color=&#8221;#ffffff&#8221; width=&#8221;100%&#8221; custom_padding=&#8221;40px|40px|40px|40px|false|false&#8221;][et_pb_column type=&#8221;4_4&#8243; _builder_version=&#8221;4.6.0&#8243; _module_preset=&#8221;default&#8221;][et_pb_text content_last_edited=&#8221;off|desktop&#8221; _builder_version=&#8221;4.6.0&#8243; _module_preset=&#8221;default&#8221; text_font=&#8221;Lobster Two||||||||&#8221; text_text_color=&#8221; #3A5795&#8243; text_font_size=&#8221;22px&#8221; header_font=&#8221;Lato||||||||&#8221; header_font_size=&#8221;20px&#8221; header_2_font=&#8221;Lobster Two||||||||&#8221; header_2_text_align=&#8221;justify&#8221; header_2_text_color=&#8221;#3A5795&#8243; header_2_font_size=&#8221;22px&#8221; background_color=&#8221;#ffffff&#8221; text_orientation=&#8221;justified&#8221; custom_padding=&#8221;40px|40px|40px|40px|false|false&#8221;]</p>
<h1 class="uk-article-title" style="text-align: center;">SUS FUNDADORAS</h1>
<p>&nbsp;</p>
<p><span style="color: #3a5795;">Como un sueño a favor de La<span style="color: #02bccb; font-family: tahoma, arial, helvetica, sans-serif;"> VIDA</span>, nos unimos dos seres humanos de países latinoamericanos diferentes, en la sagrada intención de la cristalización de una Clínica del Alma , como un vehículo para convertirnos en la más alta expresión de lo que significa “Ser Humano”.</span></p>
<p><span style="color: #3a5795;"><img loading="lazy" class="wp-image-693 alignnone size-medium" src="https://movimientobiodanza.com/wordpress/wp-content/uploads/2020/09/SandraFernandezPellonLarumbe-1-300x120.png" alt="" width="300" height="120" /></span></p>
<p><span style="color: #3a5795;"><img loading="lazy" class="wp-image-694 alignnone size-full" src="https://movimientobiodanza.com/wordpress/wp-content/uploads/2020/09/SandraFernándezPellonLarumbeTEXTO.png" alt="" width="272" height="31" /></span></p>
<p><span style="color: #3a5795;">Psicóloga egresada de la Universidad Autónoma de Morelos, México. Psicoterapeuta de niños(as), adolescentes y adultos, con especialización en el área clínica, en cognición y filosofía de la mente. Poseedora de una gran vocación al servicio y una alta sensibilidad humana. Ha estado inmersa en el mundo de las artes desde temprana edad, con estudios de especialización en teatro, canto, poesía, creación literaria, oratoria y locución. Inductora de procesos de sanación a través de Meditación, Canto, Cuento Curativo y la Recapitulación Tolteca.</span></p>
<p>&nbsp;</p>
<p><span style="color: #3a5795;"><img loading="lazy" class="wp-image-691 alignnone size-medium" src="https://movimientobiodanza.com/wordpress/wp-content/uploads/2020/09/MariaGraciaParraPirela-300x108.png" alt="" width="300" height="108" /></span></p>
<p><span style="color: #000000;"><br /><span style="color: #3a5795;">Acompañante de procesos humanos individuales y grupales, desarrollando propuestas que integren sus fortalezas en relación a la psicoterapia y el arte, facilitando múltiples talleres encaminados a la sanación anímica y el despertar de la conciencia en niños (as), jóvenes y adultos y al manejo de conflictos para una educación para la paz. Sandra es cantante profesional , que ha encaminado el sagrado don de su voz al despertar del reecuentro con la propia voz, a la incursión en el Psicocanto y la Cantoterapia y al desarrollo de Conciertos Terapéuticos en México y Venezuela, a partir de su primera producción Musical:</span> <span style="color: #02bccb; font-family: tahoma, arial, helvetica, sans-serif;">AMOR EN MI SOSTENIDO</span>.</span></p>
<p><span style="color: #3a5795;"><img loading="lazy" class="wp-image-692 alignnone size-full" src="https://movimientobiodanza.com/wordpress/wp-content/uploads/2020/09/MariaGraciaParraPirelaTEXTO.png" alt="" width="262" height="31" /></span></p>
<p>Psicóloga y psicoterapeuta gestáltica egresada de la Universidad Rafael Urdaneta en Venezuela. Acompañante de procesos humanos a nivel individual y grupal para adolescentes y adultos desde hace 15 años. Profesora Didacta de Biodanza y actual Directora de la Escuela Venezolana deBiodanza del Sol de Maracaibo en Venezuela , acompañado la formación de 24 futuros profesores en su primera Cohorte, próximamente egresados.</p>
<p>Con vasta experiencia en la facilitación de programas de corporalidad en Venezuela, Colombia, Costa Rica y Panamá en sectores empresariales y universitarios de carácter privado. Facilitadora acompañante de grupos permanentes de Biodanza durante los últimos 8 años en Maracaibo, Venezuela. Impulsora de la Danza de la Vida(sistema Biodanza) que integra la ciencia y el arte en Venezuela, desde 2008 y en Panamá y México desde 2013.</p>
<p>Gran sensibilidad artística y musical, que enriquecen su trabajo terapéutico como psicoterapeuta y biodancista, de manera integral.</p>
<p>[/et_pb_text][et_pb_gallery gallery_ids=&#8221;685,686,687,688,689,690&#8243; posts_number=&#8221;6&#8243; show_title_and_caption=&#8221;off&#8221; show_pagination=&#8221;off&#8221; _builder_version=&#8221;4.6.0&#8243; _module_preset=&#8221;default&#8221; animation_style=&#8221;zoom&#8221;][/et_pb_gallery][/et_pb_column][/et_pb_row][/et_pb_section][et_pb_section fb_built=&#8221;1&#8243; _builder_version=&#8221;4.6.0&#8243; _module_preset=&#8221;default&#8221; background_color=&#8221;#626a72&#8243;][et_pb_row _builder_version=&#8221;4.6.0&#8243; _module_preset=&#8221;default&#8221;][et_pb_column type=&#8221;4_4&#8243; _builder_version=&#8221;4.6.0&#8243; _module_preset=&#8221;default&#8221;][et_pb_button button_url=&#8221;@ET-DC@eyJkeW5hbWljIjp0cnVlLCJjb250ZW50IjoicG9zdF9saW5rX3VybF9wYWdlIiwic2V0dGluZ3MiOnsicG9zdF9pZCI6IjE0MDIifX0=@&#8221; url_new_window=&#8221;on&#8221; button_text=&#8221;Haz click aquí para musicalizar tu visita.&#8221; button_alignment=&#8221;center&#8221; _builder_version=&#8221;4.6.0&#8243; _dynamic_attributes=&#8221;button_url&#8221; _module_preset=&#8221;default&#8221; custom_button=&#8221;on&#8221; button_text_color=&#8221;#ffffff&#8221; button_bg_color=&#8221;#3A5795&#8243; button_border_width=&#8221;0px&#8221; button_border_radius=&#8221;21px&#8221; button_font=&#8221;Lato||||||||&#8221; button_icon=&#8221;%%40%%&#8221; button_on_hover=&#8221;off&#8221; custom_margin=&#8221;||||false|false&#8221; custom_padding=&#8221;|50px|||false|false&#8221; animation_style=&#8221;zoom&#8221;][/et_pb_button][et_pb_text _builder_version=&#8221;4.6.0&#8243; _module_preset=&#8221;default&#8221; text_text_color=&#8221;#ffffff&#8221;]</p>
<p style="text-align: center;">Movimiento Biodanza &#8211; Copyright © 2015 Asesores YMT</p>
<p>[/et_pb_text][/et_pb_column][/et_pb_row][/et_pb_section]</p>

<p>instagramfacebooktwitterSUS FUNDADORAS &nbsp; Como un sueño a favor de La VIDA, nos unimos dos seres humanos de países latinoamericanos diferentes, en la sagrada intención de la cristalización de una Clínica del Alma , como un vehículo para convertirnos en la más alta expresión de lo que significa “Ser Humano”. Psicóloga egresada de la Universidad Autónoma [&hellip;]</p>
